-21 (base 10) in base 16?
-15
What is 30 (base 4) in base 5?
22
Convert 100 (base 2) to base 9.
4
Convert 9 (base 15) to base 12.
9
Convert 6 (base 15) to base 14.
6
Convert -6 (base 8) to base 5.
-11
Convert -12 (base 10) to base 2.
-1100
-20 (base 14) to base 5
-103
Convert 2 (base 11) to base 2.
10
Convert 8 (base 12) to base 11.
8
What is -13 (base 16) in base 4?
-103
-20 (base 10) to base 8
-24
Convert 4 (base 5) to base 12.
4
What is 3 (base 5) in base 4?
3
Convert -52 (base 11) to base 15.
-3c
-1 (base 14) to base 15
-1
What is -22 (base 9) in base 12?
-18
Convert 28 (base 15) to base 4.
212
Convert 5 (base 15) to base 10.
5
What is 120 (base 16) in base 10?
288
-1 (base 6) to base 12
-1
Convert -10 (base 4) to base 16.
-4
What is -2 (base 13) in base 16?
-2
Convert 144 (base 8) to base 6.
244
0 (base 3) to base 15
0
Convert 11 (base 3) to base 7.
4
What is -31 (base 10) in base 11?
-29
-27 (base 15) to base 12
-31
Convert 100110 (base 2) to base 6.
102
4 (base 6) to base 7
4
What is -3 (base 5) in base 14?
-3
Convert -51 (base 10) to base 5.
-201
Convert -4 (base 14) to base 3.
-11
-14 (base 9) to base 5
-23
What is -26 (base 15) in base 5?
-121
Convert 2 (base 12) to base 5.
2
What is 4 (base 6) in base 5?
4
Convert 11 (base 3) to base 11.
4
What is 165 (base 7) in base 3?
10120
Convert 111 (base 3) to base 13.
10
36 (base 7) to base 8
33
-3 (base 6) to base 14
-3
What is -32 (base 9) in base 2?
-11101
2 (base 16) to base 13
2
101010 (base 2) to base 15
2c
What is 22 (base 12) in base 14?
1c
Convert -40 (base 5) to base 9.
-22
What is 120 (base 3) in base 12?
13
10 (base 4) to base 14
4
-17 (base 12) to base 15
-14
a (base 14) to base 8
12
What is -3 (base 9) in base 10?
-3
Convert -ea (base 15) to base 8.
-334
-2 (base 8) to base 5
-2
-48 (base 10) to base 2
-110000
Convert 0 (base 6) to base 7.
0
2 (base 12) to base 7
2
What is 1 (base 10) in base 9?
1
Convert 4 (base 6) to base 7.
4
What is -88 (base 9) in base 6?
-212
What is -20 (base 3) in base 10?
-6
Convert -4 (base 8) to base 13.
-4
133 (base 4) to base 7
43
Convert -7 (base 15) to base 6.
-11
-1000 (base 2) to base 3
-22
What is 114 (base 10) in base 2?
1110010
What is 10012 (base 3) in base 11?
79
What is 136 (base 10) in base 13?
a6
Convert 3 (base 6) to base 16.
3
What is 3 (base 12) in base 16?
3
What is -154 (base 7) in base 4?
-1120
10 (base 5) to base 8
5
What is 10 (base 4) in base 16?
4
13 (base 4) to base 7
10
2 (base 4) to base 15
2
-4 (base 16) to base 7
-4
What is 10 (base 10) in base 6?
14
-101 (base 4) to base 2
-10001
What is -24 (base 13) in base 4?
-132
What is 6 (base 9) in base 8?
6
Convert -68 (base 12) to base 13.
-62
Convert -4 (base 9) to base 2.
-100
3 (base 8) to base 2
11
230 (base 4) to base 13
35
What is -71 (base 14) in base 7?
-201
-7 (base 16) to base 15
-7
What is 1b (base 15) in base 13?
20
-5 (base 11) to base 10
-5
Convert -2133 (base 4) to base 9.
-186
What is 6 (base 12) in base 7?
6
-1 (base 10) to base 5
-1
Convert -22 (base 7) to base 11.
-15
2011 (base 3) to base 15
3d
-190 (base 12) to base 6
-1100
What is 2 (base 10) in base 5?
2
Convert -2 (base 12) to base 8.
-2
What is 77 (base 10) in base 2?
1001101
Convert -233 (base 6) to base 8.
-135
Convert b (base 13) to base 16.
b
Convert 33 (base 14) to base 3.
1200
Convert 25 (base 7) to base 15.
14
-109 (base 10) to base 15
-74
Convert 2 (base 13) to base 12.
2
What is -21 (base 7) in base 14?
-11
-2000 (base 3) to base 9
-60
Convert -223 (base 7) to base 16.
-73
-431 (base 6) to base 14
-b9
Convert 12 (base 5) to base 8.
7
What is 345 (base 6) in base 5?
1022
What is -c5 (base 13) in base 5?
-1121
10 (base 6) to base 5
11
Convert 21 (base 7) to base 3.
120
What is 1101 (base 2) in base 10?
13
Convert 1 (base 10) to base 6.
1
-19 (base 13) to base 6
-34
100 (base 2) to base 8
4
Convert 10100001 (base 2) to base 10.
161
Convert -5 (base 9) to base 7.
-5
Convert -2 (base 9) to base 11.
-2
What is -262 (base 7) in base 4?
-2032
What is -21 (base 8) in base 2?
-10001
Convert -100100 (base 2) to base 8.
-44
-7 (base 16) to base 11
-7
-102 (base 3) to base 4
-23
-312 (base 4) to base 11
-4a
-11 (base 2) to base 16
-3
11001 (base 2) to base 7
34
-97 (base 15) to base 10
-142
Convert 84 (base 12) to base 11.
91
What is 43 (base 8) in base 15?
25
Convert -76 (base 11) to base 4.
-1103
10 (base 13) to base 4
31
Convert -5 (base 10) to base 16.
-5
Convert 34 (base 15) to base 10.
49
Convert 9 (base 13) to base 12.
9
Convert 3 (base 10) to base 12.
3
What is 4 (base 15) in base 7?
4
-9 (base 12) to base 11
-9
Convert a6 (base 14) to base 13.
b3
What is 151 (base 9) in base 6?
331
What is 310 (base 4) in base 8?
64
20010 (base 3) to base 2
10100101
Convert 111 (base 4) to base 9.
23
What is -7 (base 15) in base 13?
-7
What is -3 (base 9) in base 2?
-11
Convert -4 (base 6) to base 14.
-4
-2 (base 16) to base 11
-2
What is 0 (base 10) in base 11?
0
Convert -321 (base 6) to base 12.
-a1
-20 (base 15) to base 8
-36
What is -4 (base 11) in base 5?
-4
12 (base 12) to base 4
32
Convert -16 (base 7) to base 14.
-d
What is 1 (base 14) in base 7?
1
1 (base 4) to base 9
1
Convert -2 (base 15) to base 13.
-2
-1 (base 9) to base 12
-1
Convert -75 (base 8) to base 3.
-2021
What is 11 (base 6) in base 9?
7
What is -35 (base 14) in base 3?
-1202
-7 (base 12) to base 15
-7
Convert -61 (base 14) to base 15.
-5a
Convert -1 (base 9) to base 10.
-1
-5 (base 11) to base 2
-101
-2 (base 9) to base 3
-2
Convert -2 (base 10) to base 15.
-2
What is -110 (base 2) in base 8?
-6
What is 34 (base 13) in base 14?
31
Convert 11 (base 2) to base 3.
10
-20 (base 8) to base 11
-15
What is -36 (base 8) in base 7?
-42
Convert 36 (base 7) to base 8.
33
31 (base 7) to base 6
34
What is 2 (base 11) in base 5?
2
-1 (base 15) to base 2
-1
0 (base 13) to base 3
0
What is -44 (base 8) in base 12?
-30
Convert -40 (base 10) to base 9.
-44
Convert 47 (base 12) to base 4.
313
What is -1011 (base 3) in base 12?
-27
Convert -101010 (base 2) to base 8.
-52
1 (base 16) to base 2
1
-51 (base 12) to base 10
-61
Convert 4 (base 9) to base 14.
4
What is 4 (base 8) in base 14?
4
-45 (base 13) to base 10
-57
-114 (base 7) to base 15
-40
-1212 (base 6) to base 13
-19a
Convert 1bb (base 13) to base 10.
323
Convert 1100 (base 2) to base 7.
15
What is -110 (base 16) in base 15?
-132
What is -3 (base 16) in base 3?
-10
What is 101 (base 2) in base 13?
5
Convert -3 (base 6) to base 14.
-3
What is 1 (base 3) in base 10?
1
What is 5 (base 6) in base 9?
5
Convert 17 (base 12) to base 8.
23
Convert -3 (base 15) to base 3.
-10
Convert -3102 (base 4) to base 11.
-181
Convert -68 (base 11) to base 6.
-202
-5 (base 7) to base 16
-5
Convert 2 (base 8) to base 12.
2
240 (base 10) to base 8
360
Convert -20 (base 15) to base 12.
-26
What is 1 (base 7) in base 5?
1
What is 58 (base 12) in base 4?
1010
What is -240 (base 6) in base 15?
-66
12 (base 3) to base 6
5
What is -32 (base 6) in base 7?
-26
102 (base 3) to base 16
b
What is 62 (base 10) in base 11?
57
Convert 30 (base 9) to base 5.
102
-100 (base 7) to base 3
-1211
134 (base 5) to base 7
62
-2 (base 12) to base 2
-10
Convert -11012 (base 3) to base 11.
-a3
23 (base 6) to base 13
12
What is -26 (base 14) in base 13?
-28
-31 (base 8) to base 15
-1a
What is -1100000 (base 2) in base 8?
-140
Convert -25 (base 7) to base 10.
-19
0 (base 14) to base 11
0
What is -1021 (base 4) in base 5?
-243
Convert -2 (base 6) to base 5.
-2
What is 40 (base 11) in base 2?
101100
47 (base 16) to base 6
155
Convert -9 (base 13) to base 15.
-9
-38 (base 16) to base 6
-132
What is 0 (base 10) in base 7?
0
24 (base 6) to base 8
20
-3 (base 10) to base 12
-3
What is -1213 (base 4) in base 14?
-75
Convert -b (base 12) to base 14.
-b
What is 11 (base 7) in base 12?
8
Convert -28 (base 12) to base 15.
-22
Convert 20 (base 3) to base 4.
12
What is 110011 (base 2) in base 15?
36
Convert a5 (base 11) to base 15.
7a
What is -2 (base 8) in base 2?
-10
What is -5 (base 15) in base 10?
-5
-5 (base 12) to base 5
-10
0 (base 15) to base 14
0
Convert -2f (base 16) to base 12.
-3b
What is 10132 (base 4) in base 13?
190
183 (base 9) to base 13
c0
What is 6 (base 11) in base 14?
6
Convert 101011 (base 2) to base 9.
47
-3 (base 9) to base 16
-3
What is 15